 units digit of x(-4)?
3
Let f(p) = -44*p. Let l be f(1). Let m = l - 4. What is the tens digit of (-6)/m + 686/16?
4
Suppose -28 = 2*m + 44. Let n = 39 + m. Suppose -n*d = 2*d - 145. What is the units digit of d?
9
Let y(i) = -i**2 - 33*i - 187. Let q be y(-26). What is the hundreds digit of 327 - 5/(q/2) - 0?
3
Let d(c) = -c**3 - 22*c**2 - 39*c + 35. Let y be d(-20). Suppose y*h + 23055 = 30*h. What is the thousands digit of h?
1
Let a(u) = -118*u - 8. Let y be a(-2). Suppose 2*h - 480 = -2*j, -3*h = j + h - y. What is the units digit of j?
4
Suppose -3*x = 17571 - 17805. What is the units digit of x?
8
What is the thousands digit of 31858/((-1 - -10)*66/297)?
5
Let l(g) = -g**3 + 7*g**2 + 2*g - 3. Let b be l(5). Suppose 0 = -f - 0*v - 3*v + 83, -190 = -2*f + 2*v. Let s = f - b. What is the units digit of s?
5
Suppose 23785758 = 303*l + 7172571. What is the ten thousands digit of l?
5
Let j(m) = -m**3 + 108*m**2 - 394*m - 144. What is the tens digit of j(104)?
4
Let a(w) = w**3 - 2. Suppose 3*g - 7 + 22 = -s, -s + g = -5. Let c be a(s). What is the hundreds digit of c/(-9) + (-961)/(-9)?
1
Suppose -13*b + 15*b - 4 = 0. Suppose -432 - 524 = -b*n. What is the hundreds digit of n?
4
Let t be 6/5*100/40. Suppose -30 = -4*w + 2*f, -w + 2*w + t = -3*f. Suppose 0 = w*c - 19 - 113. What is the tens digit of c?
2
Suppose 4*r + 5*m - 66893 + 2474 = 0, 2*r - 32213 = m. What is the units digit of r?
6
What is the units digit of -2*1022/(-42)*141?
2
Suppose -74305 = -86*q + 12*q + 1599501. What is the ten thousands digit of q?
2
Suppose 12*c = 21*c - 333. Suppose 0 = -2*h + c + 77. What is the tens digit of h?
5
Suppose -27*h = -31*h - 4*f - 86840, -4*f = 5*h + 108550. What is the tens digit of h/(-39) - (-30)/(-18)?
5
Let v = 19 + -113. Let g = v + 81. Let i(k) = -5*k + 2. What is the units digit of i(g)?
7
Suppose 0 = 5*b - 3*g - 48, -28 = -4*b + 5*g + 13. Suppose b*c + 4*c - 169 = 0. What is the tens digit of -15 + c - (-306)/2?
5
Suppose z = 16*z - 165. Suppose z*v + 610 - 2139 = 0. What is the hundreds digit of v?
1
Let m(q) = 0*q**3 + 1 + 42*q**2 - 31*q - 31*q**2 - q**3. Let c be m(6). What is the units digit of (-3*(-18)/15)/((-2)/c)?
9
Suppose 0 = 64*t - 576725 - 142571. What is the units digit of t?
9
Suppose 7*o - 3*o - 36 = -3*w, -16 = 4*w. Suppose 4*y = -o*y + 1600. What is the tens digit of y?
0
Suppose 26*t = 7901 + 315. Let c(m) = m - 4. Let d be c(7). Suppose -g + t = d*a, 5*a + 0*a - 530 = -g. What is the units digit of a?
7
Let n be 128/(-16) - 4*-2. Suppose 2*u - 1814 - 560 = n. What is the thousands digit of u?
1
Let q(c) = 1388*c**3 + 8*c**2 - 18*c - 48. What is the ten thousands digit of q(3)?
3
Let y be (-2244)/(-9) - 2/(-3). Let h(l) = -l**3 + 7*l**2 - 37*l + 9. Let a be h(6). Let r = y + a. What is the units digit of r?
3
Let s be (1 - 6) + 11 + -3. Let d be (s/(-4))/((5 - 6)/12). Suppose 98 = -2*o + d*o. What is the tens digit of o?
1
Let r(z) = -24*z - 45. Let v be r(-6). Let l = v - 47. What is the tens digit of l?
5
What is the tens digit of (218/5)/(2/(-50)*28/(-308))?
9
Let h be -4*((-2)/(-10) + 276/(-80)). Suppose -4*g + h + 19 = 0. Let i = 42 + g. What is the tens digit of i?
5
Let f(y) = -y**3 + 15*y**2 + 19*y - 44. Let r be f(16). Suppose 19 = -r*w + 3*u, 0 = w - 4*w - u + 2. What is the tens digit of 4/w + (-522)/(-1 - 2)?
7
Let a(b) be the second derivative of b**4/6 + 23*b**3/6 + 11*b**2 + 12*b. Let l be a(-11). Suppose -5*f = -l*f + 612. What is the tens digit of f?
0
Suppose -5*n = -2*i - 26, 2*n + 2*i - 17 = 5*i. Let l(u) = n - 9 + 7 + 11*u. What is the units digit of l(3)?
5
Let p = -38456 - -67439. What is the units digit of p?
3
Let o be (0 - 1)/(12/(-60)). What is the hundreds digit of (298/(-4) - o)*-2?
1
Suppose -13*k + 8*k + 40 = 0. Let g be -1 + 1 + (12 - k). What is the units digit of (12 - 8)*133/g?
3
What is the units digit of -4 - 733286/(-95) - (-8)/(-10)?
4
Let a(b) = -2*b**2 + 32*b + 7. Let m be a(18). What is the units digit of m/(-78) + (-1)/(-6) + 914?
5
Suppose -13*n = -26*n + n + 65508. What is the tens digit of n?
5
Let c(g) = -4*g**3 + 4*g**2 - 19*g - 73. What is the tens digit of c(-9)?
3
Let d = -320 - -584. Suppose -d = 2*c - 6*c. Suppose -41*g + 42*g = c. What is the units digit of g?
6
Let f be (-1)/(-1 + (-12)/(-9)). What is the hundreds digit of (-2 + 5 - f) + 399?
4
Suppose -4*r - 4 = -4*d, 0 = 5*d + 3*r - r + 9. Let g be (d/(-4) - (-4123)/(-12))*-3. Suppose -4*y + g = 290. What is the units digit of y?
5
Let m = -37 + -173. Let u = m + 12. What is the tens digit of 2/8 + u/(-8)?
2
What is the units digit of 43/((-86)/(-12)) - 1/(2/(-332))?
2
Let q = 14779 - 4831. What is the tens digit of q?
4
Suppose -2*a = -6*a. Suppose -u = -a*u. What is the tens digit of 81 + (-4 - u/(-2))?
7
Suppose -5*f = -29*u + 31*u - 13505, 0 = -3*f - 15. What is the tens digit of u?
6
Suppose 30 = -9*g + 19*g. Suppose -1362 = -g*d - 5*n, 3*d - 2*n - 287 = 1054. What is the hundreds digit of d?
4
Let r(n) = -36*n**2 + 67*n - 287. Let d(g) = 17*g**2 - 33*g + 143. Let q(s) = 9*d(s) + 4*r(s). What is the tens digit of q(6)?
8
Suppose -5*t + 5 - 180 = -3*m, -5*t - m = 155. Suppose 3*a - 2*k - 60 + 180 = 0, -4*a = k + 160. Let q = t - a. What is the units digit of q?
8
Let g(d) be the third derivative of 5*d**4/24 - 13*d**3/6 + 4*d**2. Let x be g(4). Let c = 48 - x. What is the units digit of c?
1
Suppose -2*g + 24 = -2*f - 2, -5*g - 5*f = -95. Let z(b) be the first derivative of 7*b**2/2 - 40*b - 732. What is the tens digit of z(g)?
7
Let b(j) = -22*j - 2. Let w(h) = 63*h + 14. Let l(q) = 42*q + 9. Let g(m) = 8*l(m) - 5*w(m). Let z(n) = -5*b(n) - 6*g(n). What is the hundreds digit of z(-10)?
1
Suppose 9*y + 8*y + 73060 = 390688. What is the hundreds digit of y?
6
Suppose 5*h = r - 6720, -3*r + 12*h = 14*h - 20194. What is the thousands digit of r?
6
Suppose 27*s = 25*s - 2. Let m be s/(42/110 + 6/(-33)). Let l(z) = -z + 11. What is the units digit of l(m)?
6
Let i = 958 + -336. Suppose d = 2*d - 5*r - i, -1255 = -2*d - r. Suppose 3*o - d = -2*q, 1043 = 5*o + 4*q - 0*q. What is the tens digit of o?
1
Let w(b) = b**3 + 4*b**2 - 51*b + 12. Let i be w(5). What is the units digit of 34/(-306) - (8104/i)/2?
5
What is the hundreds digit of (30443/(-7))/(2/7 - (-15)/(-42))?
8
Let d(x) = -x**3 + 3*x**2 + 39*x + 10. Let h be d(8). Let a(k) be the first derivative of k**2/2 + 4*k + 1. What is the units digit of a(h)?
6
Let f(y) = 2*y**3 + y**2. Let n be f(1). Suppose -22*q - 36 = -40*q. What is the tens digit of q*((-356)/(-24)*n - -1)?
9
Suppose -2*s - 4*v = -6*s + 140, 0 = 2*v + 8. Suppose -31 = 3*t - s. Suppose 2*j + 4*i = 8*i + 64, t = 4*j + 3*i - 95. What is the tens digit of j?
2
Suppose 223013 = 41*r + 68444 - 281794. What is the units digit of r?
3
Suppose 3*k + 19214 = 2*z, -3*k + 38464 = -305*z + 309*z. What is the hundreds digit of z?
6
What is the tens digit of -168 - -143 - (-2 + -52820)?
9
Let u(i) = i**2 - i - 5. Let f(c) = c**3 - c**2 + c + 45. Let d be f(0). Suppose -11*z + 6*z - d = 0. What is the tens digit of u(z)?
8
Let l = 335 + -222. Let w = 149 - l. What is the tens digit of w?
3
Let o(f) be the first derivative of 117*f**2/2 - 302*f + 20. What is the units digit of o(15)?
3
Let l(y) = y**3 + 14*y**2 + 25*y + 15. Suppose -7*g - 108 = -24. Let a be l(g). Suppose -a*q + 211 = 3*j - 239, j + 4*q = 135. What is the hundreds digit of j?
1
Suppose -7*o - 6*o + 2717 = 0. Suppose -2*i + 3*i - o = 0. What is the units digit of i?
9
Suppose -15951 = -3*n - 5*p, -4*p + 7*p = 2*n - 10615. What is the tens digit of n?
1
Let x = 4250 - 4250. Let o(d) be the third derivative of -d**5/60 + d**4/12 + 43*d**3/2 - d**2. What is the tens digit of o(x)?
2
Let n(k) = -2*k**3 + 10*k**2 - 14*k + 24. Let j be n(-9). Suppose 14*a = 4 + j. What is the hundreds digit of a?
1
Suppose 15*k + 264006 = 1206186. What is the tens digit of k?
1
Let l = -10703 + 17166. What is the thousands digit of l?
6
Let s be (-1)/(-4) + (-6 - 350/(-40)). Let l(z) = 7*z**3 + 3*z**2 - 6*z - 6. What is the hundreds digit of l(s)?
1
Suppose -2*f + 129 = f - 3*m, -9 = 3*m. Let v be (1376/f)/(((-12)/10)/(-3)). Suppose 82*i - v*i + 592 = 0. What is the hundreds digit of i?
1
Suppose 78*x - 3624 = 72*x. Suppose 248 = 3*f - x. What is the hundreds di